divided by 211?
19
What is the remainder when 184347 is divided by 1229?
1226
Calculate the remainder when 24356 is divided by 870.
866
What is the remainder when 49093 is divided by 16062?
907
Calculate the remainder when 268176 is divided by 230.
226
Calculate the remainder when 708366 is divided by 379.
15
What is the remainder when 2427282 is divided by 105?
102
Calculate the remainder when 17781 is divided by 235.
156
Calculate the remainder when 401 is divided by 146.
109
Calculate the remainder when 1009 is divided by 232.
81
Calculate the remainder when 18780 is divided by 522.
510
What is the remainder when 132 is divided by 24?
12
Calculate the remainder when 35333 is divided by 117.
116
Calculate the remainder when 15700 is divided by 6993.
1714
Calculate the remainder when 75937 is divided by 1219.
359
What is the remainder when 474987 is divided by 1065?
1062
Calculate the remainder when 5704 is divided by 759.
391
Calculate the remainder when 618 is divided by 51.
6
Calculate the remainder when 41678 is divided by 5204.
46
Calculate the remainder when 107476 is divided by 18.
16
What is the remainder when 1188178 is divided by 180?
178
Calculate the remainder when 15640 is divided by 62.
16
What is the remainder when 18044 is divided by 54?
8
What is the remainder when 1044 is divided by 39?
30
Calculate the remainder when 1582 is divided by 451.
229
What is the remainder when 168023 is divided by 11200?
23
Calculate the remainder when 147208 is divided by 147192.
16
What is the remainder when 2839 is divided by 42?
25
Calculate the remainder when 5659 is divided by 2164.
1331
Calculate the remainder when 22268 is divided by 16.
12
Calculate the remainder when 25787 is divided by 403.
398
Calculate the remainder when 14584 is divided by 403.
76
What is the remainder when 1317 is divided by 328?
5
What is the remainder when 2560 is divided by 425?
10
Calculate the remainder when 10797 is divided by 60.
57
What is the remainder when 1665005 is divided by 13875?
5
Calculate the remainder when 2558 is divided by 184.
166
Calculate the remainder when 786324 is divided by 21.
0
Calculate the remainder when 178928 is divided by 27.
26
What is the remainder when 50956 is divided by 1544?
4
Calculate the remainder when 1336 is divided by 36.
4
Calculate the remainder when 37561 is divided by 458.
5
Calculate the remainder when 34014 is divided by 73.
69
What is the remainder when 71437 is divided by 38?
35
What is the remainder when 43199 is divided by 246?
149
What is the remainder when 64428 is divided by 64416?
12
Calculate the remainder when 25137 is divided by 24.
9
Calculate the remainder when 48706 is divided by 580.
566
Calculate the remainder when 4882 is divided by 45.
22
Calculate the remainder when 10043 is divided by 51.
47
What is the remainder when 2740 is divided by 1115?
510
Calculate the remainder when 4336 is divided by 1093.
1057
Calculate the remainder when 4890 is divided by 1848.
1194
What is the remainder when 164494 is divided by 1082?
30
What is the remainder when 23818 is divided by 147?
4
What is the remainder when 17263 is divided by 196?
15
What is the remainder when 8015 is divided by 85?
25
Calculate the remainder when 12561 is divided by 12439.
122
What is the remainder when 701276 is divided by 233748?
32
What is the remainder when 563 is divided by 220?
123
What is the remainder when 6443 is divided by 606?
383
Calculate the remainder when 20324 is divided by 10152.
20
Calculate the remainder when 168700 is divided by 146.
70
Calculate the remainder when 66 is divided by 5.
1
What is the remainder when 25716 is divided by 5142?
6
What is the remainder when 501896 is divided by 40?
16
What is the remainder when 283572 is divided by 939?
933
Calculate the remainder when 77843 is divided by 12.
11
Calculate the remainder when 40138 is divided by 446.
444
Calculate the remainder when 4468 is divided by 637.
9
Calculate the remainder when 9359 is divided by 1404.
935
Calculate the remainder when 14771 is divided by 1200.
371
What is the remainder when 23923 is divided by 33?
31
Calculate the remainder when 968238 is divided by 40.
38
What is the remainder when 387789 is divided by 24?
21
Calculate the remainder when 65343 is divided by 63.
12
What is the remainder when 2246 is divided by 28?
6
Calculate the remainder when 8733 is divided by 1089.
21
Calculate the remainder when 423705 is divided by 302.
301
What is the remainder when 43990 is divided by 143?
89
What is the remainder when 41343 is divided by 70?
43
Calculate the remainder when 47470 is divided by 11862.
22
Calculate the remainder when 850 is divided by 293.
264
What is the remainder when 100853 is divided by 39?
38
Calculate the remainder when 455 is divided by 102.
47
Calculate the remainder when 96974 is divided by 445.
409
What is the remainder when 810 is divided by 437?
373
What is the remainder when 33099 is divided by 72?
51
Calculate the remainder when 6669 is divided by 10.
9
Calculate the remainder when 88312 is divided by 285.
247
What is the remainder when 1316 is divided by 187?
7
What is the remainder when 69735 is divided by 23245?
0
What is the remainder when 1389 is divided by 1226?
163
What is the remainder when 1381862 is divided by 49352?
6
Calculate the remainder when 93482 is divided by 398.
350
What is the remainder when 3379 is divided by 130?
129
Calculate the remainder when 190084 is divided by 467.
15
What is the remainder when 93039 is divided by 2215?
9
What is the remainder when 15636 is divided by 73?
14
What is the remainder when 65799 is divided by 10961?
33
Calculate the remainder when 224 is divided by 149.
75
What is the remainder when 248362 is divided by 80?
42
What is the remainder when 89757 is divided by 480?
477
Calculate the remainder when 73800 is divided by 73791.
9
Calculate the remainder when 1652 is divided by 1628.
24
Calculate the remainder when 1544 is divided by 768.
8
Calculate the remainder when 2122 is divided by 68.
14
What is the remainder when 10342 is divided by 90?
82
What is the remainder when 120741 is divided by 30?
21
Calculate the remainder when 9495 is divided by 2.
1
Calculate the remainder when 51164 is divided by 882.
8
Calculate the remainder when 2081 is divided by 847.
387
What is the remainder when 11522 is divided by 891?
830
What is the remainder when 37236 is divided by 1?
0
Calculate the remainder when 38295 is divided by 1103.
793
Calculate the remainder when 2861 is divided by 571.
6
Calculate the remainder when 3116 is divided by 520.
516
Calculate the remainder when 1919986 is divided by 12.
10
Calculate the remainder when 8450 is divided by 2797.
59
Calculate the remainder when 224377 is divided by 107.
105
Calculate the remainder when 15401 is divided by 34.
33
What is the remainder when 17872 is divided by 17870?
2
What is the remainder when 10118 is divided by 680?
598
What is the remainder when 2888 is divided by 106?
26
What is the remainder when 95791 is divided by 606?
43
What is the remainder when 177281 is divided by 1304?
1241
Calculate the remainder when 91083 is divided by 1125.
1083
Calculate the remainder when 7161 is divided by 3574.
13
What is the remainder when 8163 is divided by 165?
78
What is the remainder when 75686 is divided by 145?
141
Calculate the remainder when 2946 is divided by 2031.
915
What is the remainder when 410313 is divided by 186?
183
Calculate the remainder when 7368 is divided by 31.
21
What is the remainder when 7070 is divided by 885?
875
Calculate the remainder when 526150 is divided by 1185.
10
What is the remainder when 17963 is divided by 25?
13
Calculate the remainder when 13274 is divided by 3318.
2
What is the remainder when 11035 is divided by 1102?
15
Calculate the remainder when 738940 is divided by 17.
1
Calculate the remainder when 6142 is divided by 1709.
1015
What is the remainder when 451527 is divided by 611?
609
Calculate the remainder when 2409 is divided by 2380.
29
What is the remainder when 7772 is divided by 25?
22
What is the remainder when 82847 is divided by 48?
47
Calculate the remainder when 4985 is divided by 230.
155
Calculate the remainder when 47238 is divided by 87.
84
What is the rema